 by 1237?
70
Calculate the remainder when 163301 is divided by 4944.
149
What is the remainder when 2003916 is divided by 185?
181
Calculate the remainder when 130694476 is divided by 38.
12
Calculate the remainder when 245511 is divided by 245463.
48
Calculate the remainder when 112063 is divided by 203.
7
Calculate the remainder when 9255753 is divided by 1851118.
163
What is the remainder when 12138383 is divided by 799?
774
What is the remainder when 62587 is divided by 6282?
6049
What is the remainder when 1073112 is divided by 1073013?
99
Calculate the remainder when 37618646 is divided by 364.
338
What is the remainder when 3109017 is divided by 2637?
2631
What is the remainder when 1380722 is divided by 76706?
14
Calculate the remainder when 75853 is divided by 75820.
33
Calculate the remainder when 32129 is divided by 3916.
801
Calculate the remainder when 836736 is divided by 167080.
1336
What is the remainder when 85887 is divided by 2431?
802
Calculate the remainder when 290032 is divided by 95.
92
What is the remainder when 54260 is divided by 2817?
737
What is the remainder when 1205740 is divided by 827?
801
Calculate the remainder when 16976 is divided by 8233.
510
What is the remainder when 60311105 is divided by 60311105?
0
What is the remainder when 1761712 is divided by 554?
546
What is the remainder when 10742258 is divided by 228?
38
Calculate the remainder when 192487 is divided by 553.
43
Calculate the remainder when 539762 is divided by 2.
0
Calculate the remainder when 177037 is divided by 23968.
9261
Calculate the remainder when 1889906 is divided by 377977.
21
Calculate the remainder when 127453 is divided by 845.
703
What is the remainder when 1592447 is divided by 39?
38
What is the remainder when 16734575 is divided by 16734573?
2
Calculate the remainder when 407611 is divided by 62.
23
Calculate the remainder when 11212189 is divided by 387.
25
What is the remainder when 425869 is divided by 4019?
3874
Calculate the remainder when 5762233 is divided by 4875.
4858
What is the remainder when 26686040 is divided by 124121?
25
What is the remainder when 113175 is divided by 4186?
153
What is the remainder when 196135 is divided by 48794?
959
Calculate the remainder when 3041042 is divided by 648.
626
Calculate the remainder when 11288291 is divided by 7785.
41
What is the remainder when 484814 is divided by 10804?
9438
What is the remainder when 508804 is divided by 508749?
55
Calculate the remainder when 7288901 is divided by 1022.
1019
Calculate the remainder when 530433 is divided by 62.
23
What is the remainder when 1663097 is divided by 3797?
11
Calculate the remainder when 19862884 is divided by 440.
404
Calculate the remainder when 115487 is divided by 7209.
143
What is the remainder when 19506 is divided by 2152?
138
What is the remainder when 84757606 is divided by 1992?
1990
What is the remainder when 269018 is divided by 981?
224
What is the remainder when 10218395 is divided by 30?
5
Calculate the remainder when 79114 is divided by 29.
2
What is the remainder when 83605 is divided by 27667?
604
Calculate the remainder when 2552088 is divided by 42533.
108
What is the remainder when 166914377 is divided by 51?
47
What is the remainder when 3377 is divided by 3354?
23
What is the remainder when 3621640 is divided by 92?
60
What is the remainder when 1112095 is divided by 14077?
12
Calculate the remainder when 2152288 is divided by 616.
600
Calculate the remainder when 3720007 is divided by 40.
7
What is the remainder when 76193485 is divided by 828190?
5
Calculate the remainder when 1302533 is divided by 65122.
93
Calculate the remainder when 74697991 is divided by 110174.
19
Calculate the remainder when 99739 is divided by 12355.
899
Calculate the remainder when 1979047 is divided by 9607.
5
What is the remainder when 3357482 is divided by 1065?
602
What is the remainder when 42050100 is divided by 91?
1
Calculate the remainder when 883742 is divided by 110443.
198
What is the remainder when 3400 is divided by 2767?
633
What is the remainder when 1726297 is divided by 7377?
79
What is the remainder when 738950 is divided by 9121?
149
Calculate the remainder when 234220 is divided by 155.
15
What is the remainder when 389102 is divided by 39?
38
Calculate the remainder when 34866862 is divided by 12.
10
What is the remainder when 3943454 is divided by 1418?
1414
Calculate the remainder when 127273 is divided by 164.
9
What is the remainder when 1784009 is divided by 4280?
3529
What is the remainder when 167711 is divided by 1837?
544
What is the remainder when 250026 is divided by 458?
416
What is the remainder when 367064 is divided by 20329?
1142
Calculate the remainder when 106805774 is divided by 227.
4
Calculate the remainder when 4782605 is divided by 2391103.
399
What is the remainder when 279569 is divided by 132?
125
What is the remainder when 185022 is divided by 104?
6
Calculate the remainder when 184960994 is divided by 1441.
1439
What is the remainder when 1836700 is divided by 678?
676
Calculate the remainder when 272023 is divided by 572.
323
What is the remainder when 36078 is divided by 240?
78
Calculate the remainder when 15985120 is divided by 81.
13
Calculate the remainder when 375073 is divided by 7208.
257
What is the remainder when 173199 is divided by 57420?
939
What is the remainder when 21290040 is divided by 2234?
20
Calculate the remainder when 2501587 is divided by 36.
19
Calculate the remainder when 9316740 is divided by 7273.
27
What is the remainder when 14680189 is divided by 4552?
4541
What is the remainder when 271256 is divided by 1524?
1508
What is the remainder when 298367455 is divided by 87?
85
What is the remainder when 265948 is divided by 4922?
160
Calculate the remainder when 1305120 is divided by 217489.
186
Calculate the remainder when 103681797 is divided by 560442.
27
Calculate the remainder when 1472400 is divided by 44.
28
What is the remainder when 354289 is divided by 439?
16
What is the remainder when 6062077 is divided by 838?
823
What is the remainder when 167828545 is divided by 178541?
5
Calculate the remainder when 310828095 is divided by 14.
11
What is the remainder when 70895 is divided by 1568?
335
Calculate the remainder when 256238 is divided by 15993.
350
Calculate the remainder when 1634018 is divided by 5899.
5894
What is the remainder when 76549 is divided by 3453?
583
Calculate the remainder when 94437844 is divided by 50.
44
What is the remainder when 107119 is divided by 27?
10
What is the remainder when 789374 is divided by 3289?
14
What is the remainder when 1595268 is divided by 26?
12
Calculate the remainder when 102073 is divided by 23471.
8189
Calculate the remainder when 15650805 is divided by 372637.
51
Calculate the remainder when 441984 is divided by 385.
4
Calculate the remainder when 955696 is divided by 86.
64
Calculate the remainder when 12070308 is divided by 4023435.
3
Calculate the remainder when 111291 is divided by 36847.
750
Calculate the remainder when 123289848 is divided by 26744.
8
What is the remainder when 144085648 is divided by 9?
4
Calculate the remainder when 280359 is divided by 216.
207
Calculate the remainder when 2781781 is divided by 131.
127
What is the remainder when 102940 is divided by 34287?
79
Calculate the remainder when 130166 is divided by 21298.
2378
What is the remainder when 64239 is divided by 12797?
254
Calculate the remainder when 17718679 is divided by 28.
27
What is the remainder when 739479 is divided by 369717?
45
Calculate the remainder when 958154 is divided by 3071.
2
What is the remainder when 271240 is divided by 958?
126
What is the remainder when 81626 is divided by 3085?
1416
What is the remainder when 1019184 is divided by 13410?
24
What is the remainder when 2592511 is divided by 2577?
49
Calculate the remainder when 18807 is divided by 3757.
22
What is the remainder when 403338 is divided by 1478?
1322
What is the remainder when 2134040 is divided by 4550?
90
What is the remainder when 6917312 is divided by 12739?
35
Calculate the remainder when 153905 is divided by 614.
405
Calculate the remainder when 42938 is divided by 14202.
332
What is the remainder when 56857 is